{"id":774,"date":"2021-12-15T15:03:59","date_gmt":"2021-12-15T15:03:59","guid":{"rendered":"https:\/\/baerbel-repik.com\/?page_id=774"},"modified":"2025-08-17T19:23:26","modified_gmt":"2025-08-17T19:23:26","slug":"ueber-mich","status":"publish","type":"page","link":"https:\/\/baerbel-repik.com\/?page_id=774","title":{"rendered":"\u00dcber mich"},"content":{"rendered":"\n\n\t\t<h2>\u00dcber mich<\/h2>\t\t\t\n\t\t\t\t<p>Ich hei\u00dfe B\u00e4rbel Repik.<br \/>Ich bin die, die glaubt, dass unser K\u00f6rper immer Sinn macht. <br \/>Die glaubt, dass genau die Dinge passieren, die passieren sollen, damit wir lernen und wachsen.<br \/>Meine Berufsbezeichnung ist Heilpraktikerin f\u00fcr Psychosomatik &amp; Hypnotherapeutin.<\/p>\n<p>Beeindrucken mehr Titel? Hab ich, brauch ich immer weniger.<\/p>\n<p>Ich f\u00fchle einen neuen Weg Gesundheit und Heilung zu leben. <br \/>Weil ich wei\u00df, dass unsere Gef\u00fchle das Allerwichtigste sind in unserem Leben in diesem K\u00f6rper. <br \/>Weil sie uns zeigen, was wir brauchen und ob wir das bekommen was wir brauchen oder nicht.<\/p>\n<p>Hypnose, weil wir damit zu unseren vergrabenen Gef\u00fchlen kommen, ohne durch den Schmerz immer wieder durchgehen zu m\u00fcssen, weil auch im Unterbewusstsein unsere versch\u00fctt gegangenen Ressourcen, also Kr\u00e4fte und ganz besonderen F\u00e4higkeiten liegen.<\/p>\n<p>Somatische \u00dcbungen und Klopfakupressur, um unseren K\u00f6rper mitzunehmen. Heilung passiert auf drei Ebenen: Seele, Geist und K\u00f6rper.<\/p>\n<p>Ich bin die, die Dir sagt, dass alles mit Dir in Ordnung ist, dass Du gut so bist wie Du bist. <br \/>Die, die Dir hilft und Dich unterst\u00fctzt dabei, Deinen Gef\u00fchlen zu begegnen und zu erkennen, dass es nicht schlimm ist. Im Gegenteil. <br \/>Und Du Dir dabei selbst begegnen kannst, dabei echt wirst, mit allem was sich zeigt.<\/p>\n<p>Ich bin die, die sich im Dunklen gut auskennt, weil ich dort war, regelm\u00e4\u00dfig hingehe und das Licht angemacht hab.<\/p>\n<p>Die, die wei\u00df, dass Therapeuten, Heilpraktiker und \u00c4rzte weder heilig noch fehlerfrei sind.<\/p>\n<p>Die, die Heilung auf Augenh\u00f6he leben will und nicht glaubt, dass sie besser ist, nur weil sie gerade ihren Schei\u00df zusammen halten kann. <br \/>Die, die wei\u00df, dass da mehr ist als das was man messen und sehen kann.<\/p>\n<p>Die, die gerade eine Hypnoseweiterbildung macht mit Schwerpunkt Human Design.<\/p>\n<p>Die, die von der Astrologie magisch angezogen wird und bei den Sternen Erkenntnis,Trost und Hoffnung findet. <br \/>Die, die M\u00e4nner und Frauen wieder auf Herzebene zusammen bringen will. <br \/>Die, die Frauen zeigen will, dass es sicher ist, sich zu verbinden. <br \/>Die, die Kinder und Jugendlichen, die Unterst\u00fctzung geben will, die sie als Kind selbst nicht gehabt hat.<\/p>\n<p>Mein gr\u00f6\u00dftes Trauma und meine gr\u00f6\u00dfte Chance? Der Unfall meiner Schwester als ich 4 Jahre alt war.<\/p>\n<p>Meine gr\u00f6\u00dften St\u00e4rken? Ich bin ehrlich und mutig, immer mehr und ich kann tief f\u00fchlen, so tief wie der Ozean. <br \/>Meine gr\u00f6\u00dften Schw\u00e4chen? Ich bin ehrlich und hab manchmal Angst und ich kann tief f\u00fchlen, so tief wie der Ozean.<\/p>\n<p>Das allerwichtigste f\u00fcr mich sind meine Herzmenschen bei mir und die Tiere, alle Tiere und ganz besonders Greta, eine Wildkatze, die mich schon lange begleitet, nicht nur in diesem Leben.<\/p>\n<p>Ich liebe das Meer, besonders die Nordsee und auch die Berge. <br \/>Ich liebe alle Tiere auf dieser Welt, denn sie sind da um uns zu unterst\u00fctzen. <br \/>Ich liebe es zu singen und die Musik in vielen Farben. <br \/>Ich liebe es lecker zu essen und zu kochen, immer mehr pflanzlich und auch mal nicht. <br \/>Ich liebe es zu fotografieren, Bilder festzuhalten, zu gestalten, die ber\u00fchren und Freude machen.<\/p>\n<p>Klare und echte Kommunikation, das will ich. Keinen Bock mehr auf verstecken, vort\u00e4uschen, reinfressen, so tun als ob alles super ist.<\/p>\n<p>Wir sind alle Menschen, die meisten glaub ich. Es geht hoch und runter. Ist normal. Fehler machen, ist normal. Aus Fehlern lernen wir, wenn wir wollen. <br \/>Je mehr wir uns im Runter freundlich und mitf\u00fchlend begegnen, desto besser werden die Hochs und desto kleiner die Tiefs.<\/p>\n<p>Du bist nicht allein.<\/p>\n<p>Mit Liebe <br \/>B\u00e4rbel<\/p>\n\t\t\t\t<img loading=\"lazy\" decoding=\"async\" src=\"https:\/\/baerbel-repik.com\/wp-content\/uploads\/2022\/09\/1P9A8773-300x200.jpg\" alt=\"1P9A8773\" itemprop=\"image\" height=\"200\" width=\"300\" title=\"1P9A8773\" onerror=\"this.style.display='none'\"  \/>\n\n","protected":false},"excerpt":{"rendered":"<p>\u00dcber mich Ich hei\u00dfe B\u00e4rbel Repik.Ich bin die, die glaubt, dass unser K\u00f6rper immer Sinn macht. Die glaubt, dass genau die Dinge passieren, die passieren sollen, damit wir lernen und wachsen.Meine Berufsbezeichnung ist Heilpraktikerin f\u00fcr Psychosomatik &amp; Hypnotherapeutin. Beeindrucken mehr Titel? Hab ich, brauch ich immer weniger. Ich f\u00fchle einen neuen Weg Gesundheit und Heilung [&hellip;]<\/p>\n","protected":false},"author":1,"featured_media":0,"parent":0,"menu_order":0,"comment_status":"closed","ping_status":"closed","template":"","meta":{"site-sidebar-layout":"no-sidebar","site-content-layout":"page-builder","ast-site-content-layout":"default","site-content-style":"default","site-sidebar-style":"default","ast-global-header-display":"","ast-banner-title-visibility":"","ast-main-header-display":"","ast-hfb-above-header-display":"","ast-hfb-below-header-display":"","ast-hfb-mobile-header-display":"","site-post-title":"disabled","ast-breadcrumbs-content":"","ast-featured-img":"disabled","footer-sml-layout":"","theme-transparent-header-meta":"default","adv-header-id-meta":"","stick-header-meta":"","header-above-stick-meta":"","header-main-stick-meta":"","header-below-stick-meta":"","astra-migrate-meta-layouts":"default","ast-page-background-enabled":"default","ast-page-background-meta":{"desktop":{"background-color":"","background-image":"","background-repeat":"repeat","background-position":"center center","background-size":"auto","background-attachment":"scroll","background-type":"","background-media":"","overlay-type":"","overlay-color":"","overlay-opacity":"","overlay-gradient":""},"tablet":{"background-color":"","background-image":"","background-repeat":"repeat","background-position":"center center","background-size":"auto","background-attachment":"scroll","background-type":"","background-media":"","overlay-type":"","overlay-color":"","overlay-opacity":"","overlay-gradient":""},"mobile":{"background-color":"","background-image":"","background-repeat":"repeat","background-position":"center center","background-size":"auto","background-attachment":"scroll","background-type":"","background-media":"","overlay-type":"","overlay-color":"","overlay-opacity":"","overlay-gradient":""}},"ast-content-background-meta":{"desktop":{"background-color":"var(--ast-global-color-5)","background-image":"","background-repeat":"repeat","background-position":"center center","background-size":"auto","background-attachment":"scroll","background-type":"","background-media":"","overlay-type":"","overlay-color":"","overlay-opacity":"","overlay-gradient":""},"tablet":{"background-color":"var(--ast-global-color-5)","background-image":"","background-repeat":"repeat","background-position":"center center","background-size":"auto","background-attachment":"scroll","background-type":"","background-media":"","overlay-type":"","overlay-color":"","overlay-opacity":"","overlay-gradient":""},"mobile":{"background-color":"var(--ast-global-color-5)","background-image":"","background-repeat":"repeat","background-position":"center center","background-size":"auto","background-attachment":"scroll","background-type":"","background-media":"","overlay-type":"","overlay-color":"","overlay-opacity":"","overlay-gradient":""}},"footnotes":""},"class_list":["post-774","page","type-page","status-publish","hentry"],"_links":{"self":[{"href":"https:\/\/baerbel-repik.com\/index.php?rest_route=\/wp\/v2\/pages\/774","targetHints":{"allow":["GET"]}}],"collection":[{"href":"https:\/\/baerbel-repik.com\/index.php?rest_route=\/wp\/v2\/pages"}],"about":[{"href":"https:\/\/baerbel-repik.com\/index.php?rest_route=\/wp\/v2\/types\/page"}],"author":[{"embeddable":true,"href":"https:\/\/baerbel-repik.com\/index.php?rest_route=\/wp\/v2\/users\/1"}],"replies":[{"embeddable":true,"href":"https:\/\/baerbel-repik.com\/index.php?rest_route=%2Fwp%2Fv2%2Fcomments&post=774"}],"version-history":[{"count":17,"href":"https:\/\/baerbel-repik.com\/index.php?rest_route=\/wp\/v2\/pages\/774\/revisions"}],"predecessor-version":[{"id":1381,"href":"https:\/\/baerbel-repik.com\/index.php?rest_route=\/wp\/v2\/pages\/774\/revisions\/1381"}],"wp:attachment":[{"href":"https:\/\/baerbel-repik.com\/index.php?rest_route=%2Fwp%2Fv2%2Fmedia&parent=774"}],"curies":[{"name":"wp","href":"https:\/\/api.w.org\/{rel}","templated":true}]}}